12. What are the prime factors of p?
2, 3
Let m be (-36)/(-1 - 0)*-1. Let d = -25 - m. List the prime factors of d.
11
Let n be 40/(-6) - (-2)/3. Let p be 2/n + 280/12. Let o = p - 14. List the prime factors of o.
3
Suppose 5*o - 2*o = 219. What are the prime factors of o?
73
Suppose 4*f = -50 + 10. Let j be (0 - f)*4/5. What are the prime factors of (-45)/(-6)*j/6?
2, 5
Suppose -3*z - 5 = 10. Let v = -3 - z. Let h = v + 0. List the prime factors of h.
2
Suppose 2*i + 581 = 6*i - 5*t, 4*t - 12 = 0. Suppose 6 + i = -5*d. Let p = -19 - d. List the prime factors of p.
2, 3
Let z = 1 + 1. Let q = 2 + z. Suppose 45 = q*d + d. List the prime factors of d.
3
Let m = 4 - -8. What are the prime factors of m?
2, 3
Let l(q) = 3*q**2 - 8*q + 5. What are the prime factors of l(6)?
5, 13
Suppose -4*g - 4 = -0. Let a(h) = -5*h**2 - h + 1. Let j be a(1). List the prime factors of (j + -1)*g + 0.
2, 3
Let d = 4 - 7. Let o be d/(0 - 3/(-4)). Let w = o + 15. List the prime factors of w.
11
List the prime factors of 35*((-52)/(-10) + -4).
2, 3, 7
Let q(k) = 2*k**2 + 2*k + 2. Let f be q(-2). Suppose f - 3 = -2*i + y, 0 = 3*i + y - 8. Suppose 13 = 2*u + i. List the prime factors of u.
2, 3
Suppose x - 4*x + 54 = 0. Suppose -5*o - 2 = -17. Suppose l + 9 = -4*q, -2*l + x = l + o*q. What are the prime factors of l?
11
Let x(s) = s**3 - 2*s**2 - 3*s + 2. Let u be x(3). Let l = 5 - u. What are the prime factors of l?
3
Let f = 3 - -5. Suppose -o + f = 3*o. Suppose -o*z - 1 = -11. List the prime factors of z.
5
Let j(k) = -k**2 - 9*k. Let t(b) = -b - 1. Let l be t(5). Let r be j(l). Suppose r = 4*g - 30. What are the prime factors of g?
2, 3
Let i be 2/(-4)*(-7 + 1). Let s = 15 + 25. Suppose -h = -y, -i*y + 7*y - s = -4*h. What are the prime factors of h?
5
Let v be (-12)/(-15)*(-5)/(-2). Let r(w) = w - 2. Let q be r(v). Suppose 5*s - 2 = 4*o - 1, q = -2*s + 10. What are the prime factors of o?
2, 3
Let q = 1 - 2. Let o be q/((-3)/48*-2). Let n = 2 - o. List the prime factors of n.
2, 5
Let n(j) = j**3 - 9*j**2 + 6*j + 38. List the prime factors of n(8).
2, 11
Suppose -7 = -3*u - 4. Let o be 4/(-12)*-3 + 0. Let h = o + u. List the prime factors of h.
2
Suppose 0 = 5*k - 32 + 7. Suppose 2*t + k*m = 26, -5*t + 34 = m - 4*m. What are the prime factors of t?
2
Let p be (-1)/(-2)*100/(-10). Let i(y) = y**2 + y - 10. List the prime factors of i(p).
2, 5
Let b(h) = -h**2 + h + 30. List the prime factors of b(0).
2, 3, 5
Let y be 6/15 + (-26)/(-10). Let k be 6/4*(-6)/y. Let r = 1 - k. What are the prime factors of r?
2
What are the prime factors of (-1 - (-58 - 3)) + -1?
59
What are the prime factors of (46/(-3))/(10/(-15))?
23
Let i = -15 - 1. Let v = -3 - i. What are the prime factors of v?
13
Let a(n) = 2*n**2 - 4*n + 2. Let k be a(5). Let c be (2/1 + 3)/1. Suppose -c*g = -g - k. What are the prime factors of g?
2
Let z = -2 + 4. Suppose 35 = 3*j - 2*n, 22 = 5*j + z*n - 47. What are the prime factors of j + (-1 - (-5 + 2))?
3, 5
Let n(l) = l**2 + 3*l + 5. Let r be n(-4). Let t = 24 - r. What are the prime factors of t?
3, 5
Let b be (0 - -1)/(3/(-90)). Let o = b + 74. What are the prime factors of o?
2, 11
Suppose 0 = -5*x + 5 + 10. Suppose -x*o + 22 = -o. List the prime factors of o.
11
What are the prime factors of (-374)/(-7) - -4 - 3/7?
3, 19
Suppose 3*v + 104 = 1223. What are the prime factors of v?
373
Let w(o) = -5*o + 26. What are the prime factors of w(-8)?
2, 3, 11
Let y = 262 - 201. List the prime factors of y.
61
Suppose -26 + 86 = 3*b. Suppose 5 = y - b. Suppose -3*n + 5 = -2*o, 4*n - 3*n + 4*o = y. What are the prime factors of n?
5
List the prime factors of (2 - 15/6)/((-2)/872).
2, 109
Let j be 7 + 0*(-3 - -2). Suppose -17 - j = 2*y. Let v = -5 - y. List the prime factors of v.
7
Let y(r) = r**2 - 3*r + 1. Let k be y(2). Let x be (2 + -9)*3*k. Suppose 2*g = x - 1. List the prime factors of g.
2, 5
Suppose 0 = -5*p + 27 + 23. Let s be (-2)/8 - p/(-8). What are the prime factors of -5 + 16 - (s - 1)?
11
Suppose 2*m - 8*b = -3*b + 20, -5*m - 20 = 5*b. Let d = 10 - m. What are the prime factors of d?
2, 5
Let c = -24 + 39. What are the prime factors of (-7)/14 + c/2?
7
Suppose 2*y + 12 = 6*y. Suppose 5*d = -p - 15 - y, -41 = -3*p + 4*d. Suppose p = r - 5. What are the prime factors of r?
2, 3
Suppose 0*x = 3*x. Suppose -2*y + 7*y + 4*h = 30, 3*y - 1 = h. Let d = y + x. List the prime factors of d.
2
Suppose 0 = 6*k - 1684 + 580. What are the prime factors of k?
2, 23
Let z(p) = p**3 - 6*p**2 + 3. Let u be z(6). Suppose 2*d - 3*y = -5*y + 22, d - u = -3*y. What are the prime factors of 6/15 + 204/d?
2, 7
Let x(k) = k**2 - 19*k + 15. List the prime factors of x(19).
3, 5
Suppose -37 - 8 = l - 2*y, -2*y + 8 = 0. Let r(p) = p**3 + 8*p**2 + 2*p - 3. Let a be r(-4). Let c = a + l. What are the prime factors of c?
2
Let n = 4 - 0. Suppose -3*g = -2 - n. Suppose -g*s = s - 30. What are the prime factors of s?
2, 5
Suppose -3*x - 5*u - 3 = -0*x, 5*u - 15 = 0. Let a(q) = q**3 + 5*q**2 - 6*q + 3. Let b be a(x). Suppose -b*c - 4 = -5*c. What are the prime factors of c?
2
Suppose 0 = 5*v - 40 - 15. What are the prime factors of v?
11
Let h be ((-2)/4)/(2/(-8)). Suppose -h*s = 5 - 35. Suppose s = 5*t, -5*p + p - 5*t = -59. What are the prime factors of p?
11
Suppose -2*l + 35 = l + 4*c, 0 = -l - 2*c + 9. List the prime factors of l.
17
Let p be (-12)/(-66) - 4/22. Suppose -6*f + f + 5*g + 35 = 0, -3*f - g + 5 = p. List the prime factors of f.
3
Let x(z) = z**3 + 5*z**2 - 4*z + 8. Let y be x(-6). What are the prime factors of (3 + -37)*2/y?
17
Suppose -4*k + 8 = 20. Let h be 4/((-4)/k) - 1. Let g = h + 6. List the prime factors of g.
2
Suppose -2*r - 4 = 4. Let g(q) = -q**2 + 6*q + 8. Let p be g(6). Let n = r + p. What are the prime factors of n?
2
Let i(t) = -14*t + 5. Let k be i(-5). Let z = -53 + k. List the prime factors of z.
2, 11
Let h = 19 - -58. List the prime factors of h.
7, 11
Let x(k) = k + 12. Let l = 18 + -25. List the prime factors of x(l).
5
Let f(p) = p**3 + 2*p**2 - p + 1. Let n(b) = -b**2 - 9*b - 6. Let x be n(-8). List the prime factors of f(x).
3, 5
Suppose 36 = 3*r - 21. Let t = r + -9. What are the prime factors of t?
2, 5
Let j be (4/(-10))/(6/(-390)). Suppose -2*w + 22 = -m, -m - 2*w - j = 8. Let k = -17 - m. List the prime factors of k.
11
Suppose -3*g + 3*u = 39, 0 = g + 4*u + u - 17. List the prime factors of (364/g)/(-7)*6.
3, 13
Suppose 18*a - 342 - 180 = 0. What are the prime factors of a?
29
Let y = -23 + 25. Suppose y*d - 68 = g + 2*g, -70 = -2*d + 2*g. List the prime factors of d.
37
Let q(x) = x**2 - x + 55. What are the prime factors of q(0)?
5, 11
Suppose 4*t + 851 = -t - l, -t - 169 = -l. Let n be t/2*4/(-10). Suppose 4*a - 2*a = n. What are the prime factors of a?
17
Suppose -5*a = -17 + 2. Suppose a*y = 5 + 4. List the prime factors of y.
3
Let k be (-5)/15 + 152/6. What are the prime factors of -3 - (-5 - -3 - k)?
2, 3
Let f = -66 + 156. What are the prime factors of f?
2, 3, 5
Let b(j) be the first derivative of -j**3 + j**2/2 + 2*j + 2. Let l(v) be the first derivative of b(v). What are the prime factors of l(-1)?
7
Let t be (-3)/(-2)*(-6)/(-9). Let r(s) = -3*s - 37. Let w be r(-14). List the prime factors of (-36)/(-5) - t/w.
7
Suppose -42 = 4*p - 5*n - 328, -5*n = -5*p + 360. List the prime factors of p.
2, 37
Suppose v - 120 = -2*c + 3*v, 3*c - 198 = -3*v. Suppose -2*n = -9 - c. Suppose -n = -5*o + 14. What are the prime factors of o?
2, 5
Let w(b) = -b**3 + 7*b**2 - 3*b - 4. What are the prime factors of w(6)?
2, 7
Suppose a + 3*a = -d + 3, -5*d = 5*a + 15. Suppose 4*t = 3*l + 21 - 4, a*t - 3*l = 7. What are the prime factors of t?
5
Let i = 261 - -44. What are the prime factors of i?
5, 61
Suppose 0 = v - 7*v + 990. Suppose -w = 4*w - v. List the prime factors of w.
3, 11
Suppose -7 = 4*l + 1. Let m be (4/6)/(l/(-9)). List the prime factors of 0 - -6*(m - 1).
2, 3
Let y = 163 + 68. List the prime factors of y.
3, 7, 11
Let q = -105 + 148. List the prime factors of q.
43
Let i = 55 - -11. List the prime factors of i.
2, 3, 11
Suppose 0 = 4*i + 4*x + 9 - 53, -1 = i + 5*x. Suppose 3*f - i = -2*j - f, 3*f = 4*j + 27. Let t = j - -19. What are the prime factors of t?
2
Let d(g) = -2*g**2 + 4*g**2 + 5 + 3*g**2 + g**3. Let l be d(-5